6?
62
Calculate the remainder when 3856 is divided by 1399.
1058
What is the remainder when 10511 is divided by 44?
39
Calculate the remainder when 14777 is divided by 113.
87
Calculate the remainder when 438829 is divided by 70.
69
Calculate the remainder when 23963 is divided by 216.
203
What is the remainder when 33136 is divided by 201?
172
What is the remainder when 4917 is divided by 157?
50
What is the remainder when 13229 is divided by 82?
27
What is the remainder when 2419419 is divided by 2234?
2231
What is the remainder when 1888 is divided by 69?
25
Calculate the remainder when 3099 is divided by 980.
159
What is the remainder when 3684 is divided by 113?
68
What is the remainder when 12452 is divided by 83?
2
Calculate the remainder when 936424 is divided by 799.
795
Calculate the remainder when 4059 is divided by 4.
3
Calculate the remainder when 6769 is divided by 1646.
185
Calculate the remainder when 26156 is divided by 26146.
10
Calculate the remainder when 322 is divided by 21.
7
Calculate the remainder when 7500 is divided by 192.
12
What is the remainder when 1876 is divided by 27?
13
What is the remainder when 439802 is divided by 43980?
2
What is the remainder when 39535 is divided by 3594?
1
What is the remainder when 43187 is divided by 366?
365
What is the remainder when 6904 is divided by 2289?
37
Calculate the remainder when 1337862 is divided by 34.
30
What is the remainder when 147178 is divided by 2197?
2176
What is the remainder when 17631 is divided by 196?
187
What is the remainder when 34831 is divided by 281?
268
What is the remainder when 127294 is divided by 34?
32
Calculate the remainder when 610879 is divided by 959.
955
What is the remainder when 3782 is divided by 381?
353
What is the remainder when 132930 is divided by 607?
604
Calculate the remainder when 12103 is divided by 1729.
0
What is the remainder when 263019 is divided by 86?
31
Calculate the remainder when 724198 is divided by 102.
100
What is the remainder when 1313 is divided by 73?
72
What is the remainder when 2321531 is divided by 14?
9
What is the remainder when 1057 is divided by 264?
1
What is the remainder when 2517 is divided by 16?
5
Calculate the remainder when 302359 is divided by 70.
29
What is the remainder when 26300 is divided by 72?
20
Calculate the remainder when 20739 is divided by 23.
16
What is the remainder when 3205 is divided by 127?
30
What is the remainder when 3266 is divided by 19?
17
Calculate the remainder when 23514 is divided by 7719.
357
What is the remainder when 8710 is divided by 4?
2
What is the remainder when 4772 is divided by 133?
117
Calculate the remainder when 1326 is divided by 250.
76
What is the remainder when 2035 is divided by 102?
97
Calculate the remainder when 38848 is divided by 166.
4
What is the remainder when 19164 is divided by 3795?
189
Calculate the remainder when 6944 is divided by 431.
48
What is the remainder when 6869 is divided by 979?
16
Calculate the remainder when 43723 is divided by 25.
23
Calculate the remainder when 792606 is divided by 26.
22
What is the remainder when 3209 is divided by 947?
368
What is the remainder when 440433 is divided by 146807?
12
Calculate the remainder when 2808 is divided by 633.
276
What is the remainder when 310123 is divided by 82?
81
Calculate the remainder when 19296 is divided by 268.
0
Calculate the remainder when 94087 is divided by 390.
97
Calculate the remainder when 67099 is divided by 1316.
1299
What is the remainder when 31665 is divided by 31662?
3
Calculate the remainder when 54497 is divided by 3027.
11
What is the remainder when 13071 is divided by 43?
42
Calculate the remainder when 41769 is divided by 376.
33
What is the remainder when 5593 is divided by 523?
363
Calculate the remainder when 42051 is divided by 342.
327
Calculate the remainder when 3584 is divided by 72.
56
What is the remainder when 9508 is divided by 3064?
316
Calculate the remainder when 41546 is divided by 41510.
36
What is the remainder when 14217 is divided by 951?
903
What is the remainder when 1675897 is divided by 698?
697
What is the remainder when 58198 is divided by 167?
82
What is the remainder when 17912 is divided by 2221?
144
What is the remainder when 132587 is divided by 116?
115
What is the remainder when 3228 is divided by 218?
176
What is the remainder when 15298 is divided by 319?
305
Calculate the remainder when 2668 is divided by 67.
55
Calculate the remainder when 34312 is divided by 146.
2
What is the remainder when 72122 is divided by 5547?
11
Calculate the remainder when 71399 is divided by 150.
149
What is the remainder when 12233 is divided by 17?
10
Calculate the remainder when 357558 is divided by 382.
6
Calculate the remainder when 1460 is divided by 160.
20
What is the remainder when 112915 is divided by 60?
55
What is the remainder when 6905 is divided by 2297?
14
Calculate the remainder when 6089 is divided by 33.
17
What is the remainder when 4337 is divided by 242?
223
What is the remainder when 31489 is divided by 5247?
7
What is the remainder when 331 is divided by 163?
5
Calculate the remainder when 16801 is divided by 60.
1
Calculate the remainder when 56626 is divided by 432.
34
What is the remainder when 299752 is divided by 793?
791
What is the remainder when 1536 is divided by 249?
42
Calculate the remainder when 13825 is divided by 30.
25
Calculate the remainder when 22451 is divided by 424.
403
Calculate the remainder when 2523 is divided by 151.
107
What is the remainder when 53052 is divided by 81?
78
What is the remainder when 15571 is divided by 15?
1
What is the remainder when 2282 is divided by 703?
173
What is the remainder when 12694 is divided by 83?
78
Calculate the remainder when 10407 is divided by 349.
286
What is the remainder when 412084 is divided by 170?
4
Calculate the remainder when 197487 is divided by 98734.
19
Calculate the remainder when 10890 is divided by 388.
26
Calculate the remainder when 68695 is divided by 1025.
20
Calculate the remainder when 39197 is divided by 517.
422
What is the remainder when 1009790 is divided by 100978?
10
Calculate the remainder when 19474 is divided by 203.
189
What is the remainder when 1237 is divided by 79?
52
What is the remainder when 22291 is divided by 22289?
2
What is the remainder when 44992 is divided by 13?
12
Calculate the remainder when 433991 is divided by 104.
103
Calculate the remainder when 22327 is divided by 203.
200
Calculate the remainder when 361 is divided by 73.
69
What is the remainder when 103994 is divided by 51989?
16
Calculate the remainder when 793071 is divided by 662.
657
Calculate the remainder when 196341 is divided by 404.
401
What is the remainder when 1690599 is divided by 29?
15
What is the remainder when 233337 is divided by 8?
1
Calculate the remainder when 282804 is divided by 39.
15
Calculate the remainder when 444434 is divided by 5.
4
Calculate the remainder when 18632 is divided by 2015.
497
What is the remainder when 111960 is divided by 319?
310
Calculate the remainder when 214827 is divided by 163.
156
Calculate the remainder when 7650 is divided by 303.
75
What is the remainder when 358662 is divided by 32?
6
What is the remainder when 8336 is divided by 187?
108
Calculate the remainder when 1606 is divided by 115.
111
What is the remainder when 6282 is divided by 3?
0
Calculate the remainder when 40685 is divided by 13561.
2
Calculate the remainder when 19742 is divided by 196.
142
Calculate the remainder when 54571 is divided by 60.
31
What is the remainder when 117200 is divided by 19532?
8
Calculate the remainder when 19807 is divided by 355.
282
Calculate the remainder when 163414 is divided by 28.
6
Calculate the remainder when 37751 is divided by 33.
32
What is the remainder when 14310 is divided by 14217?
93
What is the remainder when 9513 is divided by 724?
101
Calculate the remainder when 4536 is divided by 2222.
92
Calculate the remainder when 181554 is divided by 142.
78
What is the remainder when 2004430 is divided by 1391?
1390
What is the remainder when 15267 is divided by 166?
161
What is the remainder when 2101 is divided by 123?
10
Calculate the remainder when 13491197 is divided by 496